{"id":333,"date":"2023-12-15T16:25:46","date_gmt":"2023-12-15T15:25:46","guid":{"rendered":"https:\/\/boissovage.com\/?page_id=333"},"modified":"2024-02-06T08:12:56","modified_gmt":"2024-02-06T07:12:56","slug":"miroirs","status":"publish","type":"page","link":"https:\/\/boissovage.com\/index.php\/productions\/miroirs\/","title":{"rendered":"Miroirs"},"content":{"rendered":"\t\t<div data-elementor-type=\"wp-page\" data-elementor-id=\"333\" class=\"elementor elementor-333\">\n\t\t\t\t<div class=\"elementor-element elementor-element-8c845e0 e-flex e-con-boxed e-con e-parent\" data-id=\"8c845e0\" data-element_type=\"container\" data-settings=\"{&quot;background_background&quot;:&quot;classic&quot;}\" data-core-v316-plus=\"true\">\n\t\t\t\t\t<div class=\"e-con-inner\">\n\t\t\t\t<div class=\"elementor-element elementor-element-3699150 elementor-widget-divider--view-line_text elementor-widget-divider--element-align-center elementor-widget elementor-widget-divider\" data-id=\"3699150\" data-element_type=\"widget\" data-widget_type=\"divider.default\">\n\t\t\t\t<div class=\"elementor-widget-container\">\n\t\t\t<style>\/*! elementor - v3.20.0 - 20-03-2024 *\/\n.elementor-widget-divider{--divider-border-style:none;--divider-border-width:1px;--divider-color:#0c0d0e;--divider-icon-size:20px;--divider-element-spacing:10px;--divider-pattern-height:24px;--divider-pattern-size:20px;--divider-pattern-url:none;--divider-pattern-repeat:repeat-x}.elementor-widget-divider .elementor-divider{display:flex}.elementor-widget-divider .elementor-divider__text{font-size:15px;line-height:1;max-width:95%}.elementor-widget-divider .elementor-divider__element{margin:0 var(--divider-element-spacing);flex-shrink:0}.elementor-widget-divider .elementor-icon{font-size:var(--divider-icon-size)}.elementor-widget-divider .elementor-divider-separator{display:flex;margin:0;direction:ltr}.elementor-widget-divider--view-line_icon .elementor-divider-separator,.elementor-widget-divider--view-line_text .elementor-divider-separator{align-items:center}.elementor-widget-divider--view-line_icon .elementor-divider-separator:after,.elementor-widget-divider--view-line_icon .elementor-divider-separator:before,.elementor-widget-divider--view-line_text .elementor-divider-separator:after,.elementor-widget-divider--view-line_text .elementor-divider-separator:before{display:block;content:\"\";border-block-end:0;flex-grow:1;border-block-start:var(--divider-border-width) var(--divider-border-style) var(--divider-color)}.elementor-widget-divider--element-align-left .elementor-divider .elementor-divider-separator>.elementor-divider__svg:first-of-type{flex-grow:0;flex-shrink:100}.elementor-widget-divider--element-align-left .elementor-divider-separator:before{content:none}.elementor-widget-divider--element-align-left .elementor-divider__element{margin-left:0}.elementor-widget-divider--element-align-right .elementor-divider .elementor-divider-separator>.elementor-divider__svg:last-of-type{flex-grow:0;flex-shrink:100}.elementor-widget-divider--element-align-right .elementor-divider-separator:after{content:none}.elementor-widget-divider--element-align-right .elementor-divider__element{margin-right:0}.elementor-widget-divider--element-align-start .elementor-divider .elementor-divider-separator>.elementor-divider__svg:first-of-type{flex-grow:0;flex-shrink:100}.elementor-widget-divider--element-align-start .elementor-divider-separator:before{content:none}.elementor-widget-divider--element-align-start .elementor-divider__element{margin-inline-start:0}.elementor-widget-divider--element-align-end .elementor-divider .elementor-divider-separator>.elementor-divider__svg:last-of-type{flex-grow:0;flex-shrink:100}.elementor-widget-divider--element-align-end .elementor-divider-separator:after{content:none}.elementor-widget-divider--element-align-end .elementor-divider__element{margin-inline-end:0}.elementor-widget-divider:not(.elementor-widget-divider--view-line_text):not(.elementor-widget-divider--view-line_icon) .elementor-divider-separator{border-block-start:var(--divider-border-width) var(--divider-border-style) var(--divider-color)}.elementor-widget-divider--separator-type-pattern{--divider-border-style:none}.elementor-widget-divider--separator-type-pattern.elementor-widget-divider--view-line .elementor-divider-separator,.elementor-widget-divider--separator-type-pattern:not(.elementor-widget-divider--view-line) .elementor-divider-separator:after,.elementor-widget-divider--separator-type-pattern:not(.elementor-widget-divider--view-line) .elementor-divider-separator:before,.elementor-widget-divider--separator-type-pattern:not([class*=elementor-widget-divider--view]) .elementor-divider-separator{width:100%;min-height:var(--divider-pattern-height);-webkit-mask-size:var(--divider-pattern-size) 100%;mask-size:var(--divider-pattern-size) 100%;-webkit-mask-repeat:var(--divider-pattern-repeat);mask-repeat:var(--divider-pattern-repeat);background-color:var(--divider-color);-webkit-mask-image:var(--divider-pattern-url);mask-image:var(--divider-pattern-url)}.elementor-widget-divider--no-spacing{--divider-pattern-size:auto}.elementor-widget-divider--bg-round{--divider-pattern-repeat:round}.rtl .elementor-widget-divider .elementor-divider__text{direction:rtl}.e-con-inner>.elementor-widget-divider,.e-con>.elementor-widget-divider{width:var(--container-widget-width,100%);--flex-grow:var(--container-widget-flex-grow)}<\/style>\t\t<div class=\"elementor-divider\">\n\t\t\t<span class=\"elementor-divider-separator\">\n\t\t\t\t\t\t\t<h2 class=\"elementor-divider__text elementor-divider__element\">\n\t\t\t\tMiroirs\t\t\t\t<\/h2>\n\t\t\t\t\t\t<\/span>\n\t\t<\/div>\n\t\t\t\t<\/div>\n\t\t\t\t<\/div>\n\t\t\t\t\t<\/div>\n\t\t\t\t<\/div>\n\t\t<div class=\"elementor-element elementor-element-1bcf177 e-flex e-con-boxed e-con e-parent\" data-id=\"1bcf177\" data-element_type=\"container\" data-settings=\"{&quot;background_background&quot;:&quot;classic&quot;}\" data-core-v316-plus=\"true\">\n\t\t\t\t\t<div class=\"e-con-inner\">\n\t\t<div class=\"elementor-element elementor-element-54bcb9a e-con-full e-flex e-con e-child\" data-id=\"54bcb9a\" data-element_type=\"container\">\n\t\t\t\t<div class=\"elementor-element elementor-element-27b9ccb elementor-widget elementor-widget-text-editor\" data-id=\"27b9ccb\" data-element_type=\"widget\" data-widget_type=\"text-editor.default\">\n\t\t\t\t<div class=\"elementor-widget-container\">\n\t\t\t<style>\/*! elementor - v3.20.0 - 20-03-2024 *\/\n.elementor-widget-text-editor.elementor-drop-cap-view-stacked .elementor-drop-cap{background-color:#69727d;color:#fff}.elementor-widget-text-editor.elementor-drop-cap-view-framed .elementor-drop-cap{color:#69727d;border:3px solid;background-color:transparent}.elementor-widget-text-editor:not(.elementor-drop-cap-view-default) .elementor-drop-cap{margin-top:8px}.elementor-widget-text-editor:not(.elementor-drop-cap-view-default) .elementor-drop-cap-letter{width:1em;height:1em}.elementor-widget-text-editor .elementor-drop-cap{float:left;text-align:center;line-height:1;font-size:50px}.elementor-widget-text-editor .elementor-drop-cap-letter{display:inline-block}<\/style>\t\t\t\t<h5>Pour agrandir une pi\u00e8ce, en am\u00e9liorer la luminosit\u00e9, ou tout simplement s&rsquo;admirer en se brossant les dents, les miroirs sont bien utiles !\u00a0<\/h5><h5>Je con\u00e7ois diff\u00e9rents types de miroirs, les plus gros projets sont r\u00e9alis\u00e9s \u00e0 la demande.\u00a0<\/h5>\t\t\t\t\t\t<\/div>\n\t\t\t\t<\/div>\n\t\t\t\t<\/div>\n\t\t<div class=\"elementor-element elementor-element-d74a133 e-con-full e-flex e-con e-child\" data-id=\"d74a133\" data-element_type=\"container\" data-settings=\"{&quot;background_background&quot;:&quot;classic&quot;}\">\n\t\t\t\t<div class=\"elementor-element elementor-element-ca6865b elementor-widget elementor-widget-image\" data-id=\"ca6865b\" data-element_type=\"widget\" data-widget_type=\"image.default\">\n\t\t\t\t<div class=\"elementor-widget-container\">\n\t\t\t<style>\/*! elementor - v3.20.0 - 20-03-2024 *\/\n.elementor-widget-image{text-align:center}.elementor-widget-image a{display:inline-block}.elementor-widget-image a img[src$=\".svg\"]{width:48px}.elementor-widget-image img{vertical-align:middle;display:inline-block}<\/style>\t\t\t\t\t\t\t\t\t\t<img fetchpriority=\"high\" decoding=\"async\" width=\"300\" height=\"200\" src=\"https:\/\/boissovage.com\/wp-content\/uploads\/2024\/02\/ai-generated-8418994_1280-300x200.jpg\" class=\"attachment-medium size-medium wp-image-1180\" alt=\"\" srcset=\"https:\/\/boissovage.com\/wp-content\/uploads\/2024\/02\/ai-generated-8418994_1280-300x200.jpg 300w, https:\/\/boissovage.com\/wp-content\/uploads\/2024\/02\/ai-generated-8418994_1280-1024x682.jpg 1024w, https:\/\/boissovage.com\/wp-content\/uploads\/2024\/02\/ai-generated-8418994_1280-150x100.jpg 150w, https:\/\/boissovage.com\/wp-content\/uploads\/2024\/02\/ai-generated-8418994_1280-768x512.jpg 768w, https:\/\/boissovage.com\/wp-content\/uploads\/2024\/02\/ai-generated-8418994_1280-600x400.jpg 600w, https:\/\/boissovage.com\/wp-content\/uploads\/2024\/02\/ai-generated-8418994_1280-974x649.jpg 974w, https:\/\/boissovage.com\/wp-content\/uploads\/2024\/02\/ai-generated-8418994_1280-480x320.jpg 480w, https:\/\/boissovage.com\/wp-content\/uploads\/2024\/02\/ai-generated-8418994_1280.jpg 1280w\" sizes=\"(max-width: 300px) 100vw, 300px\" \/>\t\t\t\t\t\t\t\t\t\t\t\t\t<\/div>\n\t\t\t\t<\/div>\n\t\t\t\t<\/div>\n\t\t\t\t\t<\/div>\n\t\t\t\t<\/div>\n\t\t<div class=\"elementor-element elementor-element-6a370b4 e-con-full e-flex e-con e-parent\" data-id=\"6a370b4\" data-element_type=\"container\" data-settings=\"{&quot;background_background&quot;:&quot;classic&quot;}\" data-core-v316-plus=\"true\">\n\t\t<div class=\"elementor-element elementor-element-bcaac28 e-con-full e-flex e-con e-child\" data-id=\"bcaac28\" data-element_type=\"container\">\n\t\t\t\t<div class=\"elementor-element elementor-element-75e779b elementor-widget elementor-widget-image\" data-id=\"75e779b\" data-element_type=\"widget\" data-widget_type=\"image.default\">\n\t\t\t\t<div class=\"elementor-widget-container\">\n\t\t\t\t\t\t\t\t\t\t\t\t\t<img decoding=\"async\" width=\"612\" height=\"408\" src=\"https:\/\/boissovage.com\/wp-content\/uploads\/2024\/01\/DSC03925_-_Copie-removebg-preview-1.png\" class=\"attachment-large size-large wp-image-1103\" alt=\"\" srcset=\"https:\/\/boissovage.com\/wp-content\/uploads\/2024\/01\/DSC03925_-_Copie-removebg-preview-1.png 612w, https:\/\/boissovage.com\/wp-content\/uploads\/2024\/01\/DSC03925_-_Copie-removebg-preview-1-300x200.png 300w, https:\/\/boissovage.com\/wp-content\/uploads\/2024\/01\/DSC03925_-_Copie-removebg-preview-1-150x100.png 150w, https:\/\/boissovage.com\/wp-content\/uploads\/2024\/01\/DSC03925_-_Copie-removebg-preview-1-600x400.png 600w, https:\/\/boissovage.com\/wp-content\/uploads\/2024\/01\/DSC03925_-_Copie-removebg-preview-1-480x320.png 480w\" sizes=\"(max-width: 612px) 100vw, 612px\" \/>\t\t\t\t\t\t\t\t\t\t\t\t\t<\/div>\n\t\t\t\t<\/div>\n\t\t\t\t<\/div>\n\t\t<div class=\"elementor-element elementor-element-78f830a e-con-full e-flex e-con e-child\" data-id=\"78f830a\" data-element_type=\"container\">\n\t\t\t\t<div class=\"elementor-element elementor-element-4b2ab9f elementor-widget elementor-widget-text-editor\" data-id=\"4b2ab9f\" data-element_type=\"widget\" data-widget_type=\"text-editor.default\">\n\t\t\t\t<div class=\"elementor-widget-container\">\n\t\t\t\t\t\t\t<h5>Surcyclage ? Bois flott\u00e9 ?\u00a0 Ce miroir en ch\u00eane ancien a connu les eaux, les rudesses climatiques, le pi\u00e9tinement&#8230;.<\/h5>\t\t\t\t\t\t<\/div>\n\t\t\t\t<\/div>\n\t\t\t\t<\/div>\n\t\t\t\t<\/div>\n\t\t<div class=\"elementor-element elementor-element-73155ab e-flex e-con-boxed e-con e-parent\" data-id=\"73155ab\" data-element_type=\"container\" data-settings=\"{&quot;background_background&quot;:&quot;classic&quot;}\" data-core-v316-plus=\"true\">\n\t\t\t\t\t<div class=\"e-con-inner\">\n\t\t<div class=\"elementor-element elementor-element-e553063 e-con-full e-flex e-con e-child\" data-id=\"e553063\" data-element_type=\"container\">\n\t\t\t\t<div class=\"elementor-element elementor-element-6e86042 elementor-widget elementor-widget-text-editor\" data-id=\"6e86042\" data-element_type=\"widget\" data-widget_type=\"text-editor.default\">\n\t\t\t\t<div class=\"elementor-widget-container\">\n\t\t\t\t\t\t\t<h5>Miroir type \u00ab\u00a0live edge\u00a0\u00bb<\/h5>\t\t\t\t\t\t<\/div>\n\t\t\t\t<\/div>\n\t\t\t\t<\/div>\n\t\t\t\t<div class=\"elementor-element elementor-element-14655c0 elementor-widget elementor-widget-image\" data-id=\"14655c0\" data-element_type=\"widget\" data-widget_type=\"image.default\">\n\t\t\t\t<div class=\"elementor-widget-container\">\n\t\t\t\t\t\t\t\t\t\t\t\t\t<img decoding=\"async\" width=\"307\" height=\"204\" src=\"https:\/\/boissovage.com\/wp-content\/uploads\/2024\/02\/miroir-live-edge-transparent.png\" class=\"attachment-large size-large wp-image-1193\" alt=\"\" srcset=\"https:\/\/boissovage.com\/wp-content\/uploads\/2024\/02\/miroir-live-edge-transparent.png 307w, https:\/\/boissovage.com\/wp-content\/uploads\/2024\/02\/miroir-live-edge-transparent-300x199.png 300w, https:\/\/boissovage.com\/wp-content\/uploads\/2024\/02\/miroir-live-edge-transparent-150x100.png 150w\" sizes=\"(max-width: 307px) 100vw, 307px\" \/>\t\t\t\t\t\t\t\t\t\t\t\t\t<\/div>\n\t\t\t\t<\/div>\n\t\t\t\t\t<\/div>\n\t\t\t\t<\/div>\n\t\t<div class=\"elementor-element elementor-element-5785f66a e-flex e-con-boxed e-con e-parent\" data-id=\"5785f66a\" data-element_type=\"container\" data-core-v316-plus=\"true\">\n\t\t\t\t\t<div class=\"e-con-inner\">\n\t\t\t\t<div class=\"elementor-element elementor-element-224153e4 elementor-widget-divider--view-line_text elementor-widget-divider--element-align-center elementor-widget elementor-widget-divider\" data-id=\"224153e4\" data-element_type=\"widget\" data-widget_type=\"divider.default\">\n\t\t\t\t<div class=\"elementor-widget-container\">\n\t\t\t\t\t<div class=\"elementor-divider\">\n\t\t\t<span class=\"elementor-divider-separator\">\n\t\t\t\t\t\t\t<span class=\"elementor-divider__text elementor-divider__element\">\n\t\t\t\tNouveaux miroirs\t\t\t\t<\/span>\n\t\t\t\t\t\t<\/span>\n\t\t<\/div>\n\t\t\t\t<\/div>\n\t\t\t\t<\/div>\n\t\t\t\t\t<\/div>\n\t\t\t\t<\/div>\n\t\t<div class=\"elementor-element elementor-element-6a3cafcb e-flex e-con-boxed e-con e-parent\" data-id=\"6a3cafcb\" data-element_type=\"container\" data-core-v316-plus=\"true\">\n\t\t\t\t\t<div class=\"e-con-inner\">\n\t\t\t\t<div class=\"elementor-element elementor-element-404c55ca elementor-grid-eael-col-4 elementor-grid-tablet-eael-col-2 elementor-grid-mobile-eael-col-1 elementor-widget elementor-widget-eael-post-grid\" data-id=\"404c55ca\" data-element_type=\"widget\" data-settings=\"{&quot;eael_post_grid_columns&quot;:&quot;eael-col-4&quot;,&quot;eael_post_grid_columns_tablet&quot;:&quot;eael-col-2&quot;,&quot;eael_post_grid_columns_mobile&quot;:&quot;eael-col-1&quot;}\" data-widget_type=\"eael-post-grid.default\">\n\t\t\t\t<div class=\"elementor-widget-container\">\n\t\t\t<div id=\"eael-post-grid-404c55ca\" class=\"eael-post-grid-container\">\n            <div class=\"eael-post-grid eael-post-appender eael-post-appender-404c55ca eael-post-grid-style-default\" data-layout-mode=\"masonry\"><article class=\"eael-grid-post eael-post-grid-column\" data-id=\"3649\">\n        <div class=\"eael-grid-post-holder\">\n            <div class=\"eael-grid-post-holder-inner\"><div class=\"eael-entry-media\"><div class=\"eael-entry-overlay fade-in\"><i class=\"fas fa-long-arrow-alt-right\" aria-hidden=\"true\"><\/i><a href=\"https:\/\/boissovage.com\/index.php\/2025\/03\/16\/miroir-ponton\/\"><\/a><\/div><div class=\"eael-entry-thumbnail eael-image-ratio\">\n                <img loading=\"lazy\" decoding=\"async\" width=\"768\" height=\"511\" src=\"https:\/\/boissovage.com\/wp-content\/uploads\/2025\/03\/DSC_0008-768x511.jpg\" class=\"attachment-medium_large size-medium_large wp-image-3650\" alt=\"\" srcset=\"https:\/\/boissovage.com\/wp-content\/uploads\/2025\/03\/DSC_0008-768x511.jpg 768w, https:\/\/boissovage.com\/wp-content\/uploads\/2025\/03\/DSC_0008-300x199.jpg 300w, https:\/\/boissovage.com\/wp-content\/uploads\/2025\/03\/DSC_0008-1024x681.jpg 1024w, https:\/\/boissovage.com\/wp-content\/uploads\/2025\/03\/DSC_0008-150x100.jpg 150w, https:\/\/boissovage.com\/wp-content\/uploads\/2025\/03\/DSC_0008-1536x1021.jpg 1536w, https:\/\/boissovage.com\/wp-content\/uploads\/2025\/03\/DSC_0008-2048x1362.jpg 2048w, https:\/\/boissovage.com\/wp-content\/uploads\/2025\/03\/DSC_0008-600x399.jpg 600w, https:\/\/boissovage.com\/wp-content\/uploads\/2025\/03\/DSC_0008-976x649.jpg 976w\" sizes=\"(max-width: 768px) 100vw, 768px\" \/>\n            <\/div>\n        <\/div><div class=\"eael-entry-wrapper\"><header class=\"eael-entry-header\"><h3 class=\"eael-entry-title\"><a\n                        class=\"eael-grid-post-link\"\n                        href=\"https:\/\/boissovage.com\/index.php\/2025\/03\/16\/miroir-ponton\/\"\n                        title=\"Miroir Ponton\">Miroir Ponton<\/a><\/h3><\/header><div class=\"eael-entry-content\">\n                        <div class=\"eael-grid-post-excerpt\"><a\n                            href=\"https:\/\/boissovage.com\/index.php\/2025\/03\/16\/miroir-ponton\/\"\n                            class=\"eael-post-elements-readmore-btn\">Voir<\/a><\/div>\n                    <\/div><\/div><\/div>\n        <\/div>\n    <\/article><article class=\"eael-grid-post eael-post-grid-column\" data-id=\"3639\">\n        <div class=\"eael-grid-post-holder\">\n            <div class=\"eael-grid-post-holder-inner\"><div class=\"eael-entry-media\"><div class=\"eael-entry-overlay fade-in\"><i class=\"fas fa-long-arrow-alt-right\" aria-hidden=\"true\"><\/i><a href=\"https:\/\/boissovage.com\/index.php\/2025\/03\/16\/miroir-quercus\/\"><\/a><\/div><div class=\"eael-entry-thumbnail eael-image-ratio\">\n                <img loading=\"lazy\" decoding=\"async\" width=\"768\" height=\"574\" src=\"https:\/\/boissovage.com\/wp-content\/uploads\/2025\/03\/DSC_0031-Copie-768x574.jpg\" class=\"attachment-medium_large size-medium_large wp-image-3640\" alt=\"\" srcset=\"https:\/\/boissovage.com\/wp-content\/uploads\/2025\/03\/DSC_0031-Copie-768x574.jpg 768w, https:\/\/boissovage.com\/wp-content\/uploads\/2025\/03\/DSC_0031-Copie-300x224.jpg 300w, https:\/\/boissovage.com\/wp-content\/uploads\/2025\/03\/DSC_0031-Copie-150x112.jpg 150w, https:\/\/boissovage.com\/wp-content\/uploads\/2025\/03\/DSC_0031-Copie-600x448.jpg 600w, https:\/\/boissovage.com\/wp-content\/uploads\/2025\/03\/DSC_0031-Copie.jpg 803w\" sizes=\"(max-width: 768px) 100vw, 768px\" \/>\n            <\/div>\n        <\/div><div class=\"eael-entry-wrapper\"><header class=\"eael-entry-header\"><h3 class=\"eael-entry-title\"><a\n                        class=\"eael-grid-post-link\"\n                        href=\"https:\/\/boissovage.com\/index.php\/2025\/03\/16\/miroir-quercus\/\"\n                        title=\"Miroir Quercus\">Miroir Quercus<\/a><\/h3><\/header><div class=\"eael-entry-content\">\n                        <div class=\"eael-grid-post-excerpt\"><a\n                            href=\"https:\/\/boissovage.com\/index.php\/2025\/03\/16\/miroir-quercus\/\"\n                            class=\"eael-post-elements-readmore-btn\">Voir<\/a><\/div>\n                    <\/div><\/div><\/div>\n        <\/div>\n    <\/article><article class=\"eael-grid-post eael-post-grid-column\" data-id=\"3626\">\n        <div class=\"eael-grid-post-holder\">\n            <div class=\"eael-grid-post-holder-inner\"><div class=\"eael-entry-media\"><div class=\"eael-entry-overlay fade-in\"><i class=\"fas fa-long-arrow-alt-right\" aria-hidden=\"true\"><\/i><a href=\"https:\/\/boissovage.com\/index.php\/2025\/03\/16\/miroir-live-edge-2\/\"><\/a><\/div><div class=\"eael-entry-thumbnail eael-image-ratio\">\n                <img loading=\"lazy\" decoding=\"async\" width=\"768\" height=\"401\" src=\"https:\/\/boissovage.com\/wp-content\/uploads\/2025\/03\/DSC_0015-Copie-768x401.jpg\" class=\"attachment-medium_large size-medium_large wp-image-3627\" alt=\"\" srcset=\"https:\/\/boissovage.com\/wp-content\/uploads\/2025\/03\/DSC_0015-Copie-768x401.jpg 768w, https:\/\/boissovage.com\/wp-content\/uploads\/2025\/03\/DSC_0015-Copie-300x157.jpg 300w, https:\/\/boissovage.com\/wp-content\/uploads\/2025\/03\/DSC_0015-Copie-150x78.jpg 150w, https:\/\/boissovage.com\/wp-content\/uploads\/2025\/03\/DSC_0015-Copie-600x314.jpg 600w, https:\/\/boissovage.com\/wp-content\/uploads\/2025\/03\/DSC_0015-Copie.jpg 821w\" sizes=\"(max-width: 768px) 100vw, 768px\" \/>\n            <\/div>\n        <\/div><div class=\"eael-entry-wrapper\"><header class=\"eael-entry-header\"><h3 class=\"eael-entry-title\"><a\n                        class=\"eael-grid-post-link\"\n                        href=\"https:\/\/boissovage.com\/index.php\/2025\/03\/16\/miroir-live-edge-2\/\"\n                        title=\"Miroir Live Edge\">Miroir Live Edge<\/a><\/h3><\/header><div class=\"eael-entry-content\">\n                        <div class=\"eael-grid-post-excerpt\"><a\n                            href=\"https:\/\/boissovage.com\/index.php\/2025\/03\/16\/miroir-live-edge-2\/\"\n                            class=\"eael-post-elements-readmore-btn\">Voir<\/a><\/div>\n                    <\/div><\/div><\/div>\n        <\/div>\n    <\/article><article class=\"eael-grid-post eael-post-grid-column\" data-id=\"3531\">\n        <div class=\"eael-grid-post-holder\">\n            <div class=\"eael-grid-post-holder-inner\"><div class=\"eael-entry-media\"><div class=\"eael-entry-overlay fade-in\"><i class=\"fas fa-long-arrow-alt-right\" aria-hidden=\"true\"><\/i><a href=\"https:\/\/boissovage.com\/index.php\/2024\/11\/28\/miroir-live-edge\/\"><\/a><\/div><div class=\"eael-entry-thumbnail eael-image-ratio\">\n                <img loading=\"lazy\" decoding=\"async\" width=\"768\" height=\"511\" src=\"https:\/\/boissovage.com\/wp-content\/uploads\/2024\/11\/DSC_0048-768x511.jpg\" class=\"attachment-medium_large size-medium_large wp-image-3620\" alt=\"\" srcset=\"https:\/\/boissovage.com\/wp-content\/uploads\/2024\/11\/DSC_0048-768x511.jpg 768w, https:\/\/boissovage.com\/wp-content\/uploads\/2024\/11\/DSC_0048-300x199.jpg 300w, https:\/\/boissovage.com\/wp-content\/uploads\/2024\/11\/DSC_0048-1024x681.jpg 1024w, https:\/\/boissovage.com\/wp-content\/uploads\/2024\/11\/DSC_0048-150x100.jpg 150w, https:\/\/boissovage.com\/wp-content\/uploads\/2024\/11\/DSC_0048-1536x1021.jpg 1536w, https:\/\/boissovage.com\/wp-content\/uploads\/2024\/11\/DSC_0048-2048x1362.jpg 2048w, https:\/\/boissovage.com\/wp-content\/uploads\/2024\/11\/DSC_0048-600x399.jpg 600w, https:\/\/boissovage.com\/wp-content\/uploads\/2024\/11\/DSC_0048-976x649.jpg 976w\" sizes=\"(max-width: 768px) 100vw, 768px\" \/>\n            <\/div>\n        <\/div><div class=\"eael-entry-wrapper\"><header class=\"eael-entry-header\"><h3 class=\"eael-entry-title\"><a\n                        class=\"eael-grid-post-link\"\n                        href=\"https:\/\/boissovage.com\/index.php\/2024\/11\/28\/miroir-live-edge\/\"\n                        title=\"Miroir Live Edge\">Miroir Live Edge<\/a><\/h3><\/header><div class=\"eael-entry-content\">\n                        <div class=\"eael-grid-post-excerpt\"><a\n                            href=\"https:\/\/boissovage.com\/index.php\/2024\/11\/28\/miroir-live-edge\/\"\n                            class=\"eael-post-elements-readmore-btn\">Voir<\/a><\/div>\n                    <\/div><\/div><\/div>\n        <\/div>\n    <\/article><\/div>\n            <div class=\"clearfix\"><\/div>\n        <\/div>            <div class=\"eael-load-more-button-wrap eael-force-hide\">\n                <button class=\"eael-load-more-button\" id=\"eael-load-more-btn-404c55ca\" data-widget-id=\"404c55ca\" data-widget=\"404c55ca\" data-page-id=\"333\" data-template=\"{&quot;dir&quot;:&quot;lite&quot;,&quot;file_name&quot;:&quot;default.php&quot;,&quot;name&quot;:&quot;Post-Grid&quot;}\" data-class=\"Essential_Addons_Elementor\\Elements\\Post_Grid\" data-layout=\"masonry\" data-page=\"1\" data-args=\"orderby=date&amp;order=desc&amp;ignore_sticky_posts=1&amp;post_status=publish&amp;posts_per_page=4&amp;offset=0&amp;post_type=post&amp;tax_query%5B0%5D%5Btaxonomy%5D=category&amp;tax_query%5B0%5D%5Bfield%5D=term_id&amp;tax_query%5B0%5D%5Bterms%5D%5B0%5D=15&amp;tax_query%5Brelation%5D=AND\" data-max-page=\"2\">\n                    <span class=\"eael-btn-loader button__loader\"><\/span>\n                    <span class=\"eael_load_more_text\">Load More<\/span>\n                <\/button>\n            <\/div>\n            \t\t<\/div>\n\t\t\t\t<\/div>\n\t\t\t\t\t<\/div>\n\t\t\t\t<\/div>\n\t\t\t\t<\/div>\n\t\t","protected":false},"excerpt":{"rendered":"<p>Miroirs Pour agrandir une pi\u00e8ce, en am\u00e9liorer la luminosit\u00e9, ou tout simplement s&rsquo;admirer en se brossant les dents, les miroirs sont bien utiles !\u00a0 Je con\u00e7ois diff\u00e9rents types de miroirs, les plus gros projets sont r\u00e9alis\u00e9s \u00e0 la demande.\u00a0 Surcyclage ? Bois flott\u00e9 ?\u00a0 Ce miroir en ch\u00eane ancien a connu les eaux, les rudesses [&hellip;]<\/p>\n","protected":false},"author":1,"featured_media":1103,"parent":108,"menu_order":2,"comment_status":"closed","ping_status":"closed","template":"","meta":{"_eb_attr":"","om_disable_all_campaigns":false,"_monsterinsights_skip_tracking":false,"_monsterinsights_sitenote_active":false,"_monsterinsights_sitenote_note":"","_monsterinsights_sitenote_category":0,"_uf_show_specific_survey":0,"_uf_disable_surveys":false,"footnotes":""},"aioseo_notices":[],"_links":{"self":[{"href":"https:\/\/boissovage.com\/index.php\/wp-json\/wp\/v2\/pages\/333"}],"collection":[{"href":"https:\/\/boissovage.com\/index.php\/wp-json\/wp\/v2\/pages"}],"about":[{"href":"https:\/\/boissovage.com\/index.php\/wp-json\/wp\/v2\/types\/page"}],"author":[{"embeddable":true,"href":"https:\/\/boissovage.com\/index.php\/wp-json\/wp\/v2\/users\/1"}],"replies":[{"embeddable":true,"href":"https:\/\/boissovage.com\/index.php\/wp-json\/wp\/v2\/comments?post=333"}],"version-history":[{"count":88,"href":"https:\/\/boissovage.com\/index.php\/wp-json\/wp\/v2\/pages\/333\/revisions"}],"predecessor-version":[{"id":2951,"href":"https:\/\/boissovage.com\/index.php\/wp-json\/wp\/v2\/pages\/333\/revisions\/2951"}],"up":[{"embeddable":true,"href":"https:\/\/boissovage.com\/index.php\/wp-json\/wp\/v2\/pages\/108"}],"wp:featuredmedia":[{"embeddable":true,"href":"https:\/\/boissovage.com\/index.php\/wp-json\/wp\/v2\/media\/1103"}],"wp:attachment":[{"href":"https:\/\/boissovage.com\/index.php\/wp-json\/wp\/v2\/media?parent=333"}],"curies":[{"name":"wp","href":"https:\/\/api.w.org\/{rel}","templated":true}]}}