{"id":1451,"date":"2024-02-01T20:22:43","date_gmt":"2024-02-01T19:22:43","guid":{"rendered":"https:\/\/boissovage.com\/?page_id=1451"},"modified":"2024-02-06T08:16:48","modified_gmt":"2024-02-06T07:16:48","slug":"exemplaires","status":"publish","type":"page","link":"https:\/\/boissovage.com\/index.php\/productions\/exemplaires\/","title":{"rendered":"Exemplaires"},"content":{"rendered":"\t\t<div data-elementor-type=\"wp-page\" data-elementor-id=\"1451\" class=\"elementor elementor-1451\">\n\t\t\t\t<div class=\"elementor-element elementor-element-bede44e e-con-full e-flex e-con e-parent\" data-id=\"bede44e\" data-element_type=\"container\" data-settings=\"{&quot;background_background&quot;:&quot;classic&quot;}\" data-core-v316-plus=\"true\">\n\t\t\t\t<div class=\"elementor-element elementor-element-51cd19d elementor-widget-divider--view-line_text elementor-widget-divider--element-align-center elementor-widget elementor-widget-divider\" data-id=\"51cd19d\" data-element_type=\"widget\" data-widget_type=\"divider.default\">\n\t\t\t\t<div class=\"elementor-widget-container\">\n\t\t\t<style>\/*! elementor - v3.20.0 - 20-03-2024 *\/\n.elementor-widget-divider{--divider-border-style:none;--divider-border-width:1px;--divider-color:#0c0d0e;--divider-icon-size:20px;--divider-element-spacing:10px;--divider-pattern-height:24px;--divider-pattern-size:20px;--divider-pattern-url:none;--divider-pattern-repeat:repeat-x}.elementor-widget-divider .elementor-divider{display:flex}.elementor-widget-divider .elementor-divider__text{font-size:15px;line-height:1;max-width:95%}.elementor-widget-divider .elementor-divider__element{margin:0 var(--divider-element-spacing);flex-shrink:0}.elementor-widget-divider .elementor-icon{font-size:var(--divider-icon-size)}.elementor-widget-divider .elementor-divider-separator{display:flex;margin:0;direction:ltr}.elementor-widget-divider--view-line_icon .elementor-divider-separator,.elementor-widget-divider--view-line_text .elementor-divider-separator{align-items:center}.elementor-widget-divider--view-line_icon .elementor-divider-separator:after,.elementor-widget-divider--view-line_icon .elementor-divider-separator:before,.elementor-widget-divider--view-line_text .elementor-divider-separator:after,.elementor-widget-divider--view-line_text .elementor-divider-separator:before{display:block;content:\"\";border-block-end:0;flex-grow:1;border-block-start:var(--divider-border-width) var(--divider-border-style) var(--divider-color)}.elementor-widget-divider--element-align-left .elementor-divider .elementor-divider-separator>.elementor-divider__svg:first-of-type{flex-grow:0;flex-shrink:100}.elementor-widget-divider--element-align-left .elementor-divider-separator:before{content:none}.elementor-widget-divider--element-align-left .elementor-divider__element{margin-left:0}.elementor-widget-divider--element-align-right .elementor-divider .elementor-divider-separator>.elementor-divider__svg:last-of-type{flex-grow:0;flex-shrink:100}.elementor-widget-divider--element-align-right .elementor-divider-separator:after{content:none}.elementor-widget-divider--element-align-right .elementor-divider__element{margin-right:0}.elementor-widget-divider--element-align-start .elementor-divider .elementor-divider-separator>.elementor-divider__svg:first-of-type{flex-grow:0;flex-shrink:100}.elementor-widget-divider--element-align-start .elementor-divider-separator:before{content:none}.elementor-widget-divider--element-align-start .elementor-divider__element{margin-inline-start:0}.elementor-widget-divider--element-align-end .elementor-divider .elementor-divider-separator>.elementor-divider__svg:last-of-type{flex-grow:0;flex-shrink:100}.elementor-widget-divider--element-align-end .elementor-divider-separator:after{content:none}.elementor-widget-divider--element-align-end .elementor-divider__element{margin-inline-end:0}.elementor-widget-divider:not(.elementor-widget-divider--view-line_text):not(.elementor-widget-divider--view-line_icon) .elementor-divider-separator{border-block-start:var(--divider-border-width) var(--divider-border-style) var(--divider-color)}.elementor-widget-divider--separator-type-pattern{--divider-border-style:none}.elementor-widget-divider--separator-type-pattern.elementor-widget-divider--view-line .elementor-divider-separator,.elementor-widget-divider--separator-type-pattern:not(.elementor-widget-divider--view-line) .elementor-divider-separator:after,.elementor-widget-divider--separator-type-pattern:not(.elementor-widget-divider--view-line) .elementor-divider-separator:before,.elementor-widget-divider--separator-type-pattern:not([class*=elementor-widget-divider--view]) .elementor-divider-separator{width:100%;min-height:var(--divider-pattern-height);-webkit-mask-size:var(--divider-pattern-size) 100%;mask-size:var(--divider-pattern-size) 100%;-webkit-mask-repeat:var(--divider-pattern-repeat);mask-repeat:var(--divider-pattern-repeat);background-color:var(--divider-color);-webkit-mask-image:var(--divider-pattern-url);mask-image:var(--divider-pattern-url)}.elementor-widget-divider--no-spacing{--divider-pattern-size:auto}.elementor-widget-divider--bg-round{--divider-pattern-repeat:round}.rtl .elementor-widget-divider .elementor-divider__text{direction:rtl}.e-con-inner>.elementor-widget-divider,.e-con>.elementor-widget-divider{width:var(--container-widget-width,100%);--flex-grow:var(--container-widget-flex-grow)}<\/style>\t\t<div class=\"elementor-divider\">\n\t\t\t<span class=\"elementor-divider-separator\">\n\t\t\t\t\t\t\t<h2 class=\"elementor-divider__text elementor-divider__element\">\n\t\t\t\tExemplaires\t\t\t\t<\/h2>\n\t\t\t\t\t\t<\/span>\n\t\t<\/div>\n\t\t\t\t<\/div>\n\t\t\t\t<\/div>\n\t\t\t\t<\/div>\n\t\t<div class=\"elementor-element elementor-element-f18ff31 e-flex e-con-boxed e-con e-parent\" data-id=\"f18ff31\" data-element_type=\"container\" data-settings=\"{&quot;background_background&quot;:&quot;classic&quot;}\" data-core-v316-plus=\"true\">\n\t\t\t\t\t<div class=\"e-con-inner\">\n\t\t\t\t<div class=\"elementor-element elementor-element-44fa70d elementor-widget__width-inherit elementor-widget elementor-widget-text-editor\" data-id=\"44fa70d\" data-element_type=\"widget\" data-widget_type=\"text-editor.default\">\n\t\t\t\t<div class=\"elementor-widget-container\">\n\t\t\t<style>\/*! elementor - v3.20.0 - 20-03-2024 *\/\n.elementor-widget-text-editor.elementor-drop-cap-view-stacked .elementor-drop-cap{background-color:#69727d;color:#fff}.elementor-widget-text-editor.elementor-drop-cap-view-framed .elementor-drop-cap{color:#69727d;border:3px solid;background-color:transparent}.elementor-widget-text-editor:not(.elementor-drop-cap-view-default) .elementor-drop-cap{margin-top:8px}.elementor-widget-text-editor:not(.elementor-drop-cap-view-default) .elementor-drop-cap-letter{width:1em;height:1em}.elementor-widget-text-editor .elementor-drop-cap{float:left;text-align:center;line-height:1;font-size:50px}.elementor-widget-text-editor .elementor-drop-cap-letter{display:inline-block}<\/style>\t\t\t\t<h5>Certaines pi\u00e8ces de bois.. apr\u00e8s un bon nettoyage.. sont d\u00e9licates \u00e0 transformer, d\u00e9naturer. Il faut r\u00e9fl\u00e9chir \u00e0 deux fois avant de sortir scie et perceuse&#8230; Et finalement.. ne se suffisent-elles pas \u00e0 elles m\u00eames ?<\/h5><h5>Je fais parfois le choix de ne rien faire d&rsquo;autres pour certaines pi\u00e8ces. La d\u00e9cision d&rsquo;intervenir peut aussi revenir au client !<\/h5>\t\t\t\t\t\t<\/div>\n\t\t\t\t<\/div>\n\t\t\t\t\t<\/div>\n\t\t\t\t<\/div>\n\t\t<div class=\"elementor-element elementor-element-62409da e-flex e-con-boxed e-con e-parent\" data-id=\"62409da\" data-element_type=\"container\" data-core-v316-plus=\"true\">\n\t\t\t\t\t<div class=\"e-con-inner\">\n\t\t\t\t<div class=\"elementor-element elementor-element-51c6792 gallery-spacing-custom elementor-widget__width-inherit elementor-widget elementor-widget-image-gallery\" data-id=\"51c6792\" data-element_type=\"widget\" data-widget_type=\"image-gallery.default\">\n\t\t\t\t<div class=\"elementor-widget-container\">\n\t\t\t<style>\/*! elementor - v3.20.0 - 20-03-2024 *\/\n.elementor-image-gallery .gallery-item{display:inline-block;text-align:center;vertical-align:top;width:100%;max-width:100%;margin:0 auto}.elementor-image-gallery .gallery-item img{margin:0 auto}.elementor-image-gallery .gallery-item .gallery-caption{margin:0}.elementor-image-gallery figure img{display:block}.elementor-image-gallery figure figcaption{width:100%}.gallery-spacing-custom .elementor-image-gallery .gallery-icon{padding:0}@media (min-width:768px){.elementor-image-gallery .gallery-columns-2 .gallery-item{max-width:50%}.elementor-image-gallery .gallery-columns-3 .gallery-item{max-width:33.33%}.elementor-image-gallery .gallery-columns-4 .gallery-item{max-width:25%}.elementor-image-gallery .gallery-columns-5 .gallery-item{max-width:20%}.elementor-image-gallery .gallery-columns-6 .gallery-item{max-width:16.666%}.elementor-image-gallery .gallery-columns-7 .gallery-item{max-width:14.28%}.elementor-image-gallery .gallery-columns-8 .gallery-item{max-width:12.5%}.elementor-image-gallery .gallery-columns-9 .gallery-item{max-width:11.11%}.elementor-image-gallery .gallery-columns-10 .gallery-item{max-width:10%}}@media (min-width:480px) and (max-width:767px){.elementor-image-gallery .gallery.gallery-columns-2 .gallery-item,.elementor-image-gallery .gallery.gallery-columns-3 .gallery-item,.elementor-image-gallery .gallery.gallery-columns-4 .gallery-item,.elementor-image-gallery .gallery.gallery-columns-5 .gallery-item,.elementor-image-gallery .gallery.gallery-columns-6 .gallery-item,.elementor-image-gallery .gallery.gallery-columns-7 .gallery-item,.elementor-image-gallery .gallery.gallery-columns-8 .gallery-item,.elementor-image-gallery .gallery.gallery-columns-9 .gallery-item,.elementor-image-gallery .gallery.gallery-columns-10 .gallery-item{max-width:50%}}@media (max-width:479px){.elementor-image-gallery .gallery.gallery-columns-2 .gallery-item,.elementor-image-gallery .gallery.gallery-columns-3 .gallery-item,.elementor-image-gallery .gallery.gallery-columns-4 .gallery-item,.elementor-image-gallery .gallery.gallery-columns-5 .gallery-item,.elementor-image-gallery .gallery.gallery-columns-6 .gallery-item,.elementor-image-gallery .gallery.gallery-columns-7 .gallery-item,.elementor-image-gallery .gallery.gallery-columns-8 .gallery-item,.elementor-image-gallery .gallery.gallery-columns-9 .gallery-item,.elementor-image-gallery .gallery.gallery-columns-10 .gallery-item{max-width:100%}}<\/style>\t\t<div class=\"elementor-image-gallery\">\n\t\t\t<div id='gallery-1' class='gallery galleryid-1451 gallery-columns-3 gallery-size-large'><figure class='gallery-item'>\n\t\t\t<div class='gallery-icon portrait'>\n\t\t\t\t<a data-elementor-open-lightbox=\"yes\" data-elementor-lightbox-slideshow=\"51c6792\" data-elementor-lightbox-title=\"DSC_0051\" data-e-action-hash=\"#elementor-action%3Aaction%3Dlightbox%26settings%3DeyJpZCI6ODEzLCJ1cmwiOiJodHRwczpcL1wvYm9pc3NvdmFnZS5jb21cL3dwLWNvbnRlbnRcL3VwbG9hZHNcLzIwMjRcLzAxXC9EU0NfMDA1MS1zY2FsZWQuanBnIiwic2xpZGVzaG93IjoiNTFjNjc5MiJ9\" href='https:\/\/boissovage.com\/wp-content\/uploads\/2024\/01\/DSC_0051-scaled.jpg'><img fetchpriority=\"high\" decoding=\"async\" width=\"681\" height=\"1024\" src=\"https:\/\/boissovage.com\/wp-content\/uploads\/2024\/01\/DSC_0051-681x1024.jpg\" class=\"attachment-large size-large\" alt=\"\" srcset=\"https:\/\/boissovage.com\/wp-content\/uploads\/2024\/01\/DSC_0051-681x1024.jpg 681w, https:\/\/boissovage.com\/wp-content\/uploads\/2024\/01\/DSC_0051-199x300.jpg 199w, https:\/\/boissovage.com\/wp-content\/uploads\/2024\/01\/DSC_0051-100x150.jpg 100w, https:\/\/boissovage.com\/wp-content\/uploads\/2024\/01\/DSC_0051-768x1155.jpg 768w, https:\/\/boissovage.com\/wp-content\/uploads\/2024\/01\/DSC_0051-1021x1536.jpg 1021w, https:\/\/boissovage.com\/wp-content\/uploads\/2024\/01\/DSC_0051-1362x2048.jpg 1362w, https:\/\/boissovage.com\/wp-content\/uploads\/2024\/01\/DSC_0051-532x800.jpg 532w, https:\/\/boissovage.com\/wp-content\/uploads\/2024\/01\/DSC_0051-432x649.jpg 432w, https:\/\/boissovage.com\/wp-content\/uploads\/2024\/01\/DSC_0051-scaled.jpg 1702w\" sizes=\"(max-width: 681px) 100vw, 681px\" \/><\/a>\n\t\t\t<\/div><\/figure><figure class='gallery-item'>\n\t\t\t<div class='gallery-icon landscape'>\n\t\t\t\t<a data-elementor-open-lightbox=\"yes\" data-elementor-lightbox-slideshow=\"51c6792\" data-elementor-lightbox-title=\"DSC_0056\" data-e-action-hash=\"#elementor-action%3Aaction%3Dlightbox%26settings%3DeyJpZCI6ODA5LCJ1cmwiOiJodHRwczpcL1wvYm9pc3NvdmFnZS5jb21cL3dwLWNvbnRlbnRcL3VwbG9hZHNcLzIwMjRcLzAxXC9EU0NfMDA1Ni1zY2FsZWQuanBnIiwic2xpZGVzaG93IjoiNTFjNjc5MiJ9\" href='https:\/\/boissovage.com\/wp-content\/uploads\/2024\/01\/DSC_0056-scaled.jpg'><img decoding=\"async\" width=\"800\" height=\"545\" src=\"https:\/\/boissovage.com\/wp-content\/uploads\/2024\/01\/DSC_0056-1024x697.jpg\" class=\"attachment-large size-large\" alt=\"\" srcset=\"https:\/\/boissovage.com\/wp-content\/uploads\/2024\/01\/DSC_0056-1024x697.jpg 1024w, https:\/\/boissovage.com\/wp-content\/uploads\/2024\/01\/DSC_0056-300x204.jpg 300w, https:\/\/boissovage.com\/wp-content\/uploads\/2024\/01\/DSC_0056-150x102.jpg 150w, https:\/\/boissovage.com\/wp-content\/uploads\/2024\/01\/DSC_0056-768x523.jpg 768w, https:\/\/boissovage.com\/wp-content\/uploads\/2024\/01\/DSC_0056-1536x1045.jpg 1536w, https:\/\/boissovage.com\/wp-content\/uploads\/2024\/01\/DSC_0056-2048x1394.jpg 2048w, https:\/\/boissovage.com\/wp-content\/uploads\/2024\/01\/DSC_0056-600x408.jpg 600w, https:\/\/boissovage.com\/wp-content\/uploads\/2024\/01\/DSC_0056-954x649.jpg 954w\" sizes=\"(max-width: 800px) 100vw, 800px\" \/><\/a>\n\t\t\t<\/div><\/figure><figure class='gallery-item'>\n\t\t\t<div class='gallery-icon landscape'>\n\t\t\t\t<a data-elementor-open-lightbox=\"yes\" data-elementor-lightbox-slideshow=\"51c6792\" data-elementor-lightbox-title=\"DSC_0060\" data-e-action-hash=\"#elementor-action%3Aaction%3Dlightbox%26settings%3DeyJpZCI6ODE2LCJ1cmwiOiJodHRwczpcL1wvYm9pc3NvdmFnZS5jb21cL3dwLWNvbnRlbnRcL3VwbG9hZHNcLzIwMjRcLzAxXC9EU0NfMDA2MC1zY2FsZWQuanBnIiwic2xpZGVzaG93IjoiNTFjNjc5MiJ9\" href='https:\/\/boissovage.com\/wp-content\/uploads\/2024\/01\/DSC_0060-scaled.jpg'><img decoding=\"async\" width=\"800\" height=\"532\" src=\"https:\/\/boissovage.com\/wp-content\/uploads\/2024\/01\/DSC_0060-1024x681.jpg\" class=\"attachment-large size-large\" alt=\"\" srcset=\"https:\/\/boissovage.com\/wp-content\/uploads\/2024\/01\/DSC_0060-1024x681.jpg 1024w, https:\/\/boissovage.com\/wp-content\/uploads\/2024\/01\/DSC_0060-300x199.jpg 300w, https:\/\/boissovage.com\/wp-content\/uploads\/2024\/01\/DSC_0060-150x100.jpg 150w, https:\/\/boissovage.com\/wp-content\/uploads\/2024\/01\/DSC_0060-768x511.jpg 768w, https:\/\/boissovage.com\/wp-content\/uploads\/2024\/01\/DSC_0060-1536x1021.jpg 1536w, https:\/\/boissovage.com\/wp-content\/uploads\/2024\/01\/DSC_0060-2048x1362.jpg 2048w, https:\/\/boissovage.com\/wp-content\/uploads\/2024\/01\/DSC_0060-600x399.jpg 600w, https:\/\/boissovage.com\/wp-content\/uploads\/2024\/01\/DSC_0060-976x649.jpg 976w, https:\/\/boissovage.com\/wp-content\/uploads\/2024\/01\/DSC_0060-480x320.jpg 480w\" sizes=\"(max-width: 800px) 100vw, 800px\" \/><\/a>\n\t\t\t<\/div><\/figure>\n\t\t<\/div>\n\t\t<\/div>\n\t\t\t\t<\/div>\n\t\t\t\t<\/div>\n\t\t\t\t\t<\/div>\n\t\t\t\t<\/div>\n\t\t\t\t<\/div>\n\t\t","protected":false},"excerpt":{"rendered":"<p>Exemplaires Certaines pi\u00e8ces de bois.. apr\u00e8s un bon nettoyage.. sont d\u00e9licates \u00e0 transformer, d\u00e9naturer. Il faut r\u00e9fl\u00e9chir \u00e0 deux fois avant de sortir scie et perceuse&#8230; Et finalement.. ne se suffisent-elles pas \u00e0 elles m\u00eames ? Je fais parfois le choix de ne rien faire d&rsquo;autres pour certaines pi\u00e8ces. La d\u00e9cision d&rsquo;intervenir peut aussi revenir [&hellip;]<\/p>\n","protected":false},"author":1,"featured_media":809,"parent":108,"menu_order":5,"comment_status":"closed","ping_status":"closed","template":"","meta":{"_eb_attr":"","om_disable_all_campaigns":false,"_monsterinsights_skip_tracking":false,"_monsterinsights_sitenote_active":false,"_monsterinsights_sitenote_note":"","_monsterinsights_sitenote_category":0,"_uf_show_specific_survey":0,"_uf_disable_surveys":false,"footnotes":""},"aioseo_notices":[],"_links":{"self":[{"href":"https:\/\/boissovage.com\/index.php\/wp-json\/wp\/v2\/pages\/1451"}],"collection":[{"href":"https:\/\/boissovage.com\/index.php\/wp-json\/wp\/v2\/pages"}],"about":[{"href":"https:\/\/boissovage.com\/index.php\/wp-json\/wp\/v2\/types\/page"}],"author":[{"embeddable":true,"href":"https:\/\/boissovage.com\/index.php\/wp-json\/wp\/v2\/users\/1"}],"replies":[{"embeddable":true,"href":"https:\/\/boissovage.com\/index.php\/wp-json\/wp\/v2\/comments?post=1451"}],"version-history":[{"count":47,"href":"https:\/\/boissovage.com\/index.php\/wp-json\/wp\/v2\/pages\/1451\/revisions"}],"predecessor-version":[{"id":2963,"href":"https:\/\/boissovage.com\/index.php\/wp-json\/wp\/v2\/pages\/1451\/revisions\/2963"}],"up":[{"embeddable":true,"href":"https:\/\/boissovage.com\/index.php\/wp-json\/wp\/v2\/pages\/108"}],"wp:featuredmedia":[{"embeddable":true,"href":"https:\/\/boissovage.com\/index.php\/wp-json\/wp\/v2\/media\/809"}],"wp:attachment":[{"href":"https:\/\/boissovage.com\/index.php\/wp-json\/wp\/v2\/media?parent=1451"}],"curies":[{"name":"wp","href":"https:\/\/api.w.org\/{rel}","templated":true}]}}