{"id":1150,"date":"2024-01-31T18:43:14","date_gmt":"2024-01-31T17:43:14","guid":{"rendered":"https:\/\/boissovage.com\/?page_id=1150"},"modified":"2024-02-06T08:23:31","modified_gmt":"2024-02-06T07:23:31","slug":"a-propos","status":"publish","type":"page","link":"https:\/\/boissovage.com\/index.php\/a-propos\/","title":{"rendered":"A propos"},"content":{"rendered":"\t\t<div data-elementor-type=\"wp-page\" data-elementor-id=\"1150\" class=\"elementor elementor-1150\">\n\t\t\t\t<div class=\"elementor-element elementor-element-ac33908 e-con-full e-flex e-con e-parent\" data-id=\"ac33908\" data-element_type=\"container\" data-settings=\"{&quot;background_background&quot;:&quot;classic&quot;}\" data-core-v316-plus=\"true\">\n\t\t\t\t<div class=\"elementor-element elementor-element-51c4070 elementor-widget-divider--view-line_text elementor-widget-divider--element-align-center elementor-widget elementor-widget-divider\" data-id=\"51c4070\" data-element_type=\"widget\" data-widget_type=\"divider.default\">\n\t\t\t\t<div class=\"elementor-widget-container\">\n\t\t\t<style>\/*! elementor - v3.20.0 - 20-03-2024 *\/\n.elementor-widget-divider{--divider-border-style:none;--divider-border-width:1px;--divider-color:#0c0d0e;--divider-icon-size:20px;--divider-element-spacing:10px;--divider-pattern-height:24px;--divider-pattern-size:20px;--divider-pattern-url:none;--divider-pattern-repeat:repeat-x}.elementor-widget-divider .elementor-divider{display:flex}.elementor-widget-divider .elementor-divider__text{font-size:15px;line-height:1;max-width:95%}.elementor-widget-divider .elementor-divider__element{margin:0 var(--divider-element-spacing);flex-shrink:0}.elementor-widget-divider .elementor-icon{font-size:var(--divider-icon-size)}.elementor-widget-divider .elementor-divider-separator{display:flex;margin:0;direction:ltr}.elementor-widget-divider--view-line_icon .elementor-divider-separator,.elementor-widget-divider--view-line_text .elementor-divider-separator{align-items:center}.elementor-widget-divider--view-line_icon .elementor-divider-separator:after,.elementor-widget-divider--view-line_icon .elementor-divider-separator:before,.elementor-widget-divider--view-line_text .elementor-divider-separator:after,.elementor-widget-divider--view-line_text .elementor-divider-separator:before{display:block;content:\"\";border-block-end:0;flex-grow:1;border-block-start:var(--divider-border-width) var(--divider-border-style) var(--divider-color)}.elementor-widget-divider--element-align-left .elementor-divider .elementor-divider-separator>.elementor-divider__svg:first-of-type{flex-grow:0;flex-shrink:100}.elementor-widget-divider--element-align-left .elementor-divider-separator:before{content:none}.elementor-widget-divider--element-align-left .elementor-divider__element{margin-left:0}.elementor-widget-divider--element-align-right .elementor-divider .elementor-divider-separator>.elementor-divider__svg:last-of-type{flex-grow:0;flex-shrink:100}.elementor-widget-divider--element-align-right .elementor-divider-separator:after{content:none}.elementor-widget-divider--element-align-right .elementor-divider__element{margin-right:0}.elementor-widget-divider--element-align-start .elementor-divider .elementor-divider-separator>.elementor-divider__svg:first-of-type{flex-grow:0;flex-shrink:100}.elementor-widget-divider--element-align-start .elementor-divider-separator:before{content:none}.elementor-widget-divider--element-align-start .elementor-divider__element{margin-inline-start:0}.elementor-widget-divider--element-align-end .elementor-divider .elementor-divider-separator>.elementor-divider__svg:last-of-type{flex-grow:0;flex-shrink:100}.elementor-widget-divider--element-align-end .elementor-divider-separator:after{content:none}.elementor-widget-divider--element-align-end .elementor-divider__element{margin-inline-end:0}.elementor-widget-divider:not(.elementor-widget-divider--view-line_text):not(.elementor-widget-divider--view-line_icon) .elementor-divider-separator{border-block-start:var(--divider-border-width) var(--divider-border-style) var(--divider-color)}.elementor-widget-divider--separator-type-pattern{--divider-border-style:none}.elementor-widget-divider--separator-type-pattern.elementor-widget-divider--view-line .elementor-divider-separator,.elementor-widget-divider--separator-type-pattern:not(.elementor-widget-divider--view-line) .elementor-divider-separator:after,.elementor-widget-divider--separator-type-pattern:not(.elementor-widget-divider--view-line) .elementor-divider-separator:before,.elementor-widget-divider--separator-type-pattern:not([class*=elementor-widget-divider--view]) .elementor-divider-separator{width:100%;min-height:var(--divider-pattern-height);-webkit-mask-size:var(--divider-pattern-size) 100%;mask-size:var(--divider-pattern-size) 100%;-webkit-mask-repeat:var(--divider-pattern-repeat);mask-repeat:var(--divider-pattern-repeat);background-color:var(--divider-color);-webkit-mask-image:var(--divider-pattern-url);mask-image:var(--divider-pattern-url)}.elementor-widget-divider--no-spacing{--divider-pattern-size:auto}.elementor-widget-divider--bg-round{--divider-pattern-repeat:round}.rtl .elementor-widget-divider .elementor-divider__text{direction:rtl}.e-con-inner>.elementor-widget-divider,.e-con>.elementor-widget-divider{width:var(--container-widget-width,100%);--flex-grow:var(--container-widget-flex-grow)}<\/style>\t\t<div class=\"elementor-divider\">\n\t\t\t<span class=\"elementor-divider-separator\">\n\t\t\t\t\t\t\t<span class=\"elementor-divider__text elementor-divider__element\">\n\t\t\t\tL'artisan\t\t\t\t<\/span>\n\t\t\t\t\t\t<\/span>\n\t\t<\/div>\n\t\t\t\t<\/div>\n\t\t\t\t<\/div>\n\t\t\t\t<\/div>\n\t\t<div class=\"elementor-element elementor-element-85a60b2 e-flex e-con-boxed e-con e-parent\" data-id=\"85a60b2\" data-element_type=\"container\" data-core-v316-plus=\"true\">\n\t\t\t\t\t<div class=\"e-con-inner\">\n\t\t<div class=\"elementor-element elementor-element-5af6e1d e-con-full e-flex e-con e-child\" data-id=\"5af6e1d\" data-element_type=\"container\">\n\t\t\t\t<div class=\"elementor-element elementor-element-30d1124 elementor-widget elementor-widget-text-editor\" data-id=\"30d1124\" data-element_type=\"widget\" data-widget_type=\"text-editor.default\">\n\t\t\t\t<div class=\"elementor-widget-container\">\n\t\t\t<style>\/*! elementor - v3.20.0 - 20-03-2024 *\/\n.elementor-widget-text-editor.elementor-drop-cap-view-stacked .elementor-drop-cap{background-color:#69727d;color:#fff}.elementor-widget-text-editor.elementor-drop-cap-view-framed .elementor-drop-cap{color:#69727d;border:3px solid;background-color:transparent}.elementor-widget-text-editor:not(.elementor-drop-cap-view-default) .elementor-drop-cap{margin-top:8px}.elementor-widget-text-editor:not(.elementor-drop-cap-view-default) .elementor-drop-cap-letter{width:1em;height:1em}.elementor-widget-text-editor .elementor-drop-cap{float:left;text-align:center;line-height:1;font-size:50px}.elementor-widget-text-editor .elementor-drop-cap-letter{display:inline-block}<\/style>\t\t\t\t<h5>Passionn\u00e9 par la nature depuis toujours et curieux des arts et techniques, c&rsquo;est naturellement que j&rsquo;ai d\u00e9but\u00e9 la pratique du bonsa\u00ef depuis une vingtaine d&rsquo;ann\u00e9es.<\/h5><h5>Je me suis peu \u00e0 peu empar\u00e9 des principes et philosophies de cette discipline, bas\u00e9es sur le retour \u00e0 une sobri\u00e9t\u00e9 paisible, o\u00f9 l&rsquo;on peut reconna\u00eetre et ressentir la beaut\u00e9 des choses imparfaites, \u00e9ph\u00e9m\u00e8res et modestes.\u00a0<\/h5><h5>Notre \u00e9poque moderne nous invite \u00e0 aller toujours plus vite, sans savoir trop o\u00f9 nous allons. La beaut\u00e9 est associ\u00e9e \u00e0 la jeunesse, les signes de vies maquill\u00e9s. Et toujours plus de r\u00eaves d&rsquo;ailleurs.\u00a0<\/h5>\t\t\t\t\t\t<\/div>\n\t\t\t\t<\/div>\n\t\t\t\t<\/div>\n\t\t<div class=\"elementor-element elementor-element-a9520f8 e-con-full e-flex e-con e-child\" data-id=\"a9520f8\" data-element_type=\"container\">\n\t\t<div class=\"elementor-element elementor-element-32ce6f4 e-con-full e-flex e-con e-child\" data-id=\"32ce6f4\" data-element_type=\"container\">\n\t\t\t\t<div class=\"elementor-element elementor-element-9670270 elementor-widget elementor-widget-image\" data-id=\"9670270\" data-element_type=\"widget\" data-widget_type=\"image.default\">\n\t\t\t\t<div class=\"elementor-widget-container\">\n\t\t\t<style>\/*! elementor - v3.20.0 - 20-03-2024 *\/\n.elementor-widget-image{text-align:center}.elementor-widget-image a{display:inline-block}.elementor-widget-image a img[src$=\".svg\"]{width:48px}.elementor-widget-image img{vertical-align:middle;display:inline-block}<\/style>\t\t\t\t\t\t\t\t\t\t<img fetchpriority=\"high\" decoding=\"async\" width=\"238\" height=\"300\" src=\"https:\/\/boissovage.com\/wp-content\/uploads\/2024\/02\/moi-238x300.png\" class=\"attachment-medium size-medium wp-image-2413\" alt=\"\" srcset=\"https:\/\/boissovage.com\/wp-content\/uploads\/2024\/02\/moi-238x300.png 238w, https:\/\/boissovage.com\/wp-content\/uploads\/2024\/02\/moi-119x150.png 119w, https:\/\/boissovage.com\/wp-content\/uploads\/2024\/02\/moi.png 445w\" sizes=\"(max-width: 238px) 100vw, 238px\" \/>\t\t\t\t\t\t\t\t\t\t\t\t\t<\/div>\n\t\t\t\t<\/div>\n\t\t\t\t<\/div>\n\t\t\t\t<\/div>\n\t\t<div class=\"elementor-element elementor-element-69ae553 e-con-full e-flex e-con e-child\" data-id=\"69ae553\" data-element_type=\"container\">\n\t\t\t\t<div class=\"elementor-element elementor-element-6266ff8 elementor-widget elementor-widget-text-editor\" data-id=\"6266ff8\" data-element_type=\"widget\" data-widget_type=\"text-editor.default\">\n\t\t\t\t<div class=\"elementor-widget-container\">\n\t\t\t\t\t\t\t<h5>A rebours de tout cela, les arbres expriment l&rsquo;inverse : l&rsquo;\u00e9quilibre, l&rsquo;ancrage, la force tranquille. Mais aussi des d\u00e9chirures, des accidents de vie, et beaucoup de r\u00e9silience. C&rsquo;est tout cela qui est admirable sur un arbre v\u00e9n\u00e9rable : il raconte une histoire.<\/h5><h5>J&rsquo;ai voulu raconter des petits bouts de ces histoires, de ce temps qui passe, \u00e0 travers la conception d&rsquo;objets d\u00e9coratifs et fonctionnels, \u00e0 partir de branches v\u00e9n\u00e9rables \u00e0 leur mani\u00e8re.<\/h5><h5>Les r\u00e9alisations sont aussi compl\u00e9t\u00e9es par des productions upcycl\u00e9s, o\u00f9 l&rsquo;on retrouve la patine du temps et la coh\u00e9rence \u00e9cologique de mon travail.<\/h5><h5>Bois s\u00f4vage, c&rsquo;est un large champs d&rsquo;investigation et des projets plein la t\u00eate&#8230;.\u00a0<\/h5>\t\t\t\t\t\t<\/div>\n\t\t\t\t<\/div>\n\t\t\t\t<\/div>\n\t\t\t\t\t<\/div>\n\t\t\t\t<\/div>\n\t\t<div class=\"elementor-element elementor-element-1c0cb3c e-flex e-con-boxed e-con e-parent\" data-id=\"1c0cb3c\" data-element_type=\"container\" data-core-v316-plus=\"true\">\n\t\t\t\t\t<div class=\"e-con-inner\">\n\t\t\t\t<div class=\"elementor-element elementor-element-216c237 elementor-widget elementor-widget-text-editor\" data-id=\"216c237\" data-element_type=\"widget\" data-widget_type=\"text-editor.default\">\n\t\t\t\t<div class=\"elementor-widget-container\">\n\t\t\t\t\t\t\t<p><strong>Xavier LEMAN<\/strong><\/p>\t\t\t\t\t\t<\/div>\n\t\t\t\t<\/div>\n\t\t\t\t\t<\/div>\n\t\t\t\t<\/div>\n\t\t\t\t<\/div>\n\t\t","protected":false},"excerpt":{"rendered":"<p>L&rsquo;artisan Passionn\u00e9 par la nature depuis toujours et curieux des arts et techniques, c&rsquo;est naturellement que j&rsquo;ai d\u00e9but\u00e9 la pratique du bonsa\u00ef depuis une vingtaine d&rsquo;ann\u00e9es. Je me suis peu \u00e0 peu empar\u00e9 des principes et philosophies de cette discipline, bas\u00e9es sur le retour \u00e0 une sobri\u00e9t\u00e9 paisible, o\u00f9 l&rsquo;on peut reconna\u00eetre et ressentir la [&hellip;]<\/p>\n","protected":false},"author":1,"featured_media":0,"parent":0,"menu_order":1,"comment_status":"closed","ping_status":"closed","template":"","meta":{"_eb_attr":"","om_disable_all_campaigns":false,"_monsterinsights_skip_tracking":false,"_monsterinsights_sitenote_active":false,"_monsterinsights_sitenote_note":"","_monsterinsights_sitenote_category":0,"_uf_show_specific_survey":0,"_uf_disable_surveys":false,"footnotes":""},"aioseo_notices":[],"_links":{"self":[{"href":"https:\/\/boissovage.com\/index.php\/wp-json\/wp\/v2\/pages\/1150"}],"collection":[{"href":"https:\/\/boissovage.com\/index.php\/wp-json\/wp\/v2\/pages"}],"about":[{"href":"https:\/\/boissovage.com\/index.php\/wp-json\/wp\/v2\/types\/page"}],"author":[{"embeddable":true,"href":"https:\/\/boissovage.com\/index.php\/wp-json\/wp\/v2\/users\/1"}],"replies":[{"embeddable":true,"href":"https:\/\/boissovage.com\/index.php\/wp-json\/wp\/v2\/comments?post=1150"}],"version-history":[{"count":85,"href":"https:\/\/boissovage.com\/index.php\/wp-json\/wp\/v2\/pages\/1150\/revisions"}],"predecessor-version":[{"id":2993,"href":"https:\/\/boissovage.com\/index.php\/wp-json\/wp\/v2\/pages\/1150\/revisions\/2993"}],"wp:attachment":[{"href":"https:\/\/boissovage.com\/index.php\/wp-json\/wp\/v2\/media?parent=1150"}],"curies":[{"name":"wp","href":"https:\/\/api.w.org\/{rel}","templated":true}]}}