{"id":1087,"date":"2024-01-31T16:17:15","date_gmt":"2024-01-31T15:17:15","guid":{"rendered":"https:\/\/boissovage.com\/?page_id=1087"},"modified":"2025-03-16T15:57:40","modified_gmt":"2025-03-16T14:57:40","slug":"arbres-a-chats-2","status":"publish","type":"page","link":"https:\/\/boissovage.com\/index.php\/productions\/arbres-a-chats-2\/","title":{"rendered":"Arbres \u00e0 chats"},"content":{"rendered":"\t\t<div data-elementor-type=\"wp-page\" data-elementor-id=\"1087\" class=\"elementor elementor-1087\">\n\t\t\t\t<div class=\"elementor-element elementor-element-bede44e e-flex e-con-boxed e-con e-parent\" data-id=\"bede44e\" data-element_type=\"container\" data-settings=\"{&quot;background_background&quot;:&quot;classic&quot;}\" data-core-v316-plus=\"true\">\n\t\t\t\t\t<div class=\"e-con-inner\">\n\t\t\t\t<div class=\"elementor-element elementor-element-aafdab5 elementor-widget-divider--view-line_text elementor-widget-divider--element-align-center elementor-widget elementor-widget-divider\" data-id=\"aafdab5\" data-element_type=\"widget\" data-widget_type=\"divider.default\">\n\t\t\t\t<div class=\"elementor-widget-container\">\n\t\t\t<style>\/*! elementor - v3.20.0 - 20-03-2024 *\/\n.elementor-widget-divider{--divider-border-style:none;--divider-border-width:1px;--divider-color:#0c0d0e;--divider-icon-size:20px;--divider-element-spacing:10px;--divider-pattern-height:24px;--divider-pattern-size:20px;--divider-pattern-url:none;--divider-pattern-repeat:repeat-x}.elementor-widget-divider .elementor-divider{display:flex}.elementor-widget-divider .elementor-divider__text{font-size:15px;line-height:1;max-width:95%}.elementor-widget-divider .elementor-divider__element{margin:0 var(--divider-element-spacing);flex-shrink:0}.elementor-widget-divider .elementor-icon{font-size:var(--divider-icon-size)}.elementor-widget-divider .elementor-divider-separator{display:flex;margin:0;direction:ltr}.elementor-widget-divider--view-line_icon .elementor-divider-separator,.elementor-widget-divider--view-line_text .elementor-divider-separator{align-items:center}.elementor-widget-divider--view-line_icon .elementor-divider-separator:after,.elementor-widget-divider--view-line_icon .elementor-divider-separator:before,.elementor-widget-divider--view-line_text .elementor-divider-separator:after,.elementor-widget-divider--view-line_text .elementor-divider-separator:before{display:block;content:\"\";border-block-end:0;flex-grow:1;border-block-start:var(--divider-border-width) var(--divider-border-style) var(--divider-color)}.elementor-widget-divider--element-align-left .elementor-divider .elementor-divider-separator>.elementor-divider__svg:first-of-type{flex-grow:0;flex-shrink:100}.elementor-widget-divider--element-align-left .elementor-divider-separator:before{content:none}.elementor-widget-divider--element-align-left .elementor-divider__element{margin-left:0}.elementor-widget-divider--element-align-right .elementor-divider .elementor-divider-separator>.elementor-divider__svg:last-of-type{flex-grow:0;flex-shrink:100}.elementor-widget-divider--element-align-right .elementor-divider-separator:after{content:none}.elementor-widget-divider--element-align-right .elementor-divider__element{margin-right:0}.elementor-widget-divider--element-align-start .elementor-divider .elementor-divider-separator>.elementor-divider__svg:first-of-type{flex-grow:0;flex-shrink:100}.elementor-widget-divider--element-align-start .elementor-divider-separator:before{content:none}.elementor-widget-divider--element-align-start .elementor-divider__element{margin-inline-start:0}.elementor-widget-divider--element-align-end .elementor-divider .elementor-divider-separator>.elementor-divider__svg:last-of-type{flex-grow:0;flex-shrink:100}.elementor-widget-divider--element-align-end .elementor-divider-separator:after{content:none}.elementor-widget-divider--element-align-end .elementor-divider__element{margin-inline-end:0}.elementor-widget-divider:not(.elementor-widget-divider--view-line_text):not(.elementor-widget-divider--view-line_icon) .elementor-divider-separator{border-block-start:var(--divider-border-width) var(--divider-border-style) var(--divider-color)}.elementor-widget-divider--separator-type-pattern{--divider-border-style:none}.elementor-widget-divider--separator-type-pattern.elementor-widget-divider--view-line .elementor-divider-separator,.elementor-widget-divider--separator-type-pattern:not(.elementor-widget-divider--view-line) .elementor-divider-separator:after,.elementor-widget-divider--separator-type-pattern:not(.elementor-widget-divider--view-line) .elementor-divider-separator:before,.elementor-widget-divider--separator-type-pattern:not([class*=elementor-widget-divider--view]) .elementor-divider-separator{width:100%;min-height:var(--divider-pattern-height);-webkit-mask-size:var(--divider-pattern-size) 100%;mask-size:var(--divider-pattern-size) 100%;-webkit-mask-repeat:var(--divider-pattern-repeat);mask-repeat:var(--divider-pattern-repeat);background-color:var(--divider-color);-webkit-mask-image:var(--divider-pattern-url);mask-image:var(--divider-pattern-url)}.elementor-widget-divider--no-spacing{--divider-pattern-size:auto}.elementor-widget-divider--bg-round{--divider-pattern-repeat:round}.rtl .elementor-widget-divider .elementor-divider__text{direction:rtl}.e-con-inner>.elementor-widget-divider,.e-con>.elementor-widget-divider{width:var(--container-widget-width,100%);--flex-grow:var(--container-widget-flex-grow)}<\/style>\t\t<div class=\"elementor-divider\">\n\t\t\t<span class=\"elementor-divider-separator\">\n\t\t\t\t\t\t\t<span class=\"elementor-divider__text elementor-divider__element\">\n\t\t\t\tArbres \u00e0 Chats\t\t\t\t<\/span>\n\t\t\t\t\t\t<\/span>\n\t\t<\/div>\n\t\t\t\t<\/div>\n\t\t\t\t<\/div>\n\t\t\t\t\t<\/div>\n\t\t\t\t<\/div>\n\t\t<div class=\"elementor-element elementor-element-17a38ee e-flex e-con-boxed e-con e-parent\" data-id=\"17a38ee\" data-element_type=\"container\" data-core-v316-plus=\"true\">\n\t\t\t\t\t<div class=\"e-con-inner\">\n\t\t<div class=\"elementor-element elementor-element-ce262cc e-con-full e-flex e-con e-child\" data-id=\"ce262cc\" data-element_type=\"container\">\n\t\t\t\t<div class=\"elementor-element elementor-element-44fa70d elementor-widget__width-inherit elementor-widget elementor-widget-text-editor\" data-id=\"44fa70d\" data-element_type=\"widget\" data-widget_type=\"text-editor.default\">\n\t\t\t\t<div class=\"elementor-widget-container\">\n\t\t\t<style>\/*! elementor - v3.20.0 - 20-03-2024 *\/\n.elementor-widget-text-editor.elementor-drop-cap-view-stacked .elementor-drop-cap{background-color:#69727d;color:#fff}.elementor-widget-text-editor.elementor-drop-cap-view-framed .elementor-drop-cap{color:#69727d;border:3px solid;background-color:transparent}.elementor-widget-text-editor:not(.elementor-drop-cap-view-default) .elementor-drop-cap{margin-top:8px}.elementor-widget-text-editor:not(.elementor-drop-cap-view-default) .elementor-drop-cap-letter{width:1em;height:1em}.elementor-widget-text-editor .elementor-drop-cap{float:left;text-align:center;line-height:1;font-size:50px}.elementor-widget-text-editor .elementor-drop-cap-letter{display:inline-block}<\/style>\t\t\t\t<h5>Les chats aiment prendre de la hauteur&#8230; et seraient bien contents\u00a0 d&rsquo;avoir un vrai bout d&rsquo;arbre \u00e0 la maison pour se reposer !<\/h5><h5>Bien loin des arbres \u00e0 chats synth\u00e9tiques du commerce, je propose la r\u00e9alisation d&rsquo;arbres \u00e0 chats qui participeront aussi (et non pas desserviront) \u00e0 votre d\u00e9coration int\u00e9rieure en apportant une vraie touche de nature.\u00a0<\/h5>\t\t\t\t\t\t<\/div>\n\t\t\t\t<\/div>\n\t\t\t\t<\/div>\n\t\t<div class=\"elementor-element elementor-element-ac68ece e-con-full e-flex e-con e-child\" data-id=\"ac68ece\" data-element_type=\"container\">\n\t\t\t\t<div class=\"elementor-element elementor-element-c44f7ed elementor-widget elementor-widget-image\" data-id=\"c44f7ed\" data-element_type=\"widget\" data-widget_type=\"image.default\">\n\t\t\t\t<div class=\"elementor-widget-container\">\n\t\t\t<style>\/*! elementor - v3.20.0 - 20-03-2024 *\/\n.elementor-widget-image{text-align:center}.elementor-widget-image a{display:inline-block}.elementor-widget-image a img[src$=\".svg\"]{width:48px}.elementor-widget-image img{vertical-align:middle;display:inline-block}<\/style>\t\t\t\t\t\t\t\t\t\t<img fetchpriority=\"high\" decoding=\"async\" width=\"300\" height=\"198\" src=\"https:\/\/boissovage.com\/wp-content\/uploads\/2024\/02\/leopard-4690055_1280-300x198.png\" class=\"attachment-medium size-medium wp-image-1176\" alt=\"\" srcset=\"https:\/\/boissovage.com\/wp-content\/uploads\/2024\/02\/leopard-4690055_1280-300x198.png 300w, https:\/\/boissovage.com\/wp-content\/uploads\/2024\/02\/leopard-4690055_1280-1024x674.png 1024w, https:\/\/boissovage.com\/wp-content\/uploads\/2024\/02\/leopard-4690055_1280-150x99.png 150w, https:\/\/boissovage.com\/wp-content\/uploads\/2024\/02\/leopard-4690055_1280-768x506.png 768w, https:\/\/boissovage.com\/wp-content\/uploads\/2024\/02\/leopard-4690055_1280-600x395.png 600w, https:\/\/boissovage.com\/wp-content\/uploads\/2024\/02\/leopard-4690055_1280-985x649.png 985w, https:\/\/boissovage.com\/wp-content\/uploads\/2024\/02\/leopard-4690055_1280-640x420.png 640w, https:\/\/boissovage.com\/wp-content\/uploads\/2024\/02\/leopard-4690055_1280.png 1280w\" sizes=\"(max-width: 300px) 100vw, 300px\" \/>\t\t\t\t\t\t\t\t\t\t\t\t\t<\/div>\n\t\t\t\t<\/div>\n\t\t\t\t<\/div>\n\t\t\t\t\t<\/div>\n\t\t\t\t<\/div>\n\t\t<div class=\"elementor-element elementor-element-ed07b88 e-flex e-con-boxed e-con e-parent\" data-id=\"ed07b88\" data-element_type=\"container\" data-settings=\"{&quot;background_background&quot;:&quot;classic&quot;}\" data-core-v316-plus=\"true\">\n\t\t\t\t\t<div class=\"e-con-inner\">\n\t\t<div class=\"elementor-element elementor-element-79cf885 e-con-full e-flex e-con e-child\" data-id=\"79cf885\" data-element_type=\"container\">\n\t\t\t\t<div class=\"elementor-element elementor-element-e6241fe elementor-widget elementor-widget-image\" data-id=\"e6241fe\" data-element_type=\"widget\" data-widget_type=\"image.default\">\n\t\t\t\t<div class=\"elementor-widget-container\">\n\t\t\t\t\t\t\t\t\t\t\t\t\t<img decoding=\"async\" width=\"416\" height=\"600\" src=\"https:\/\/boissovage.com\/wp-content\/uploads\/2024\/01\/arbre-a-chats-chataignier-B.png\" class=\"attachment-large size-large wp-image-1094\" alt=\"\" srcset=\"https:\/\/boissovage.com\/wp-content\/uploads\/2024\/01\/arbre-a-chats-chataignier-B.png 416w, https:\/\/boissovage.com\/wp-content\/uploads\/2024\/01\/arbre-a-chats-chataignier-B-208x300.png 208w, https:\/\/boissovage.com\/wp-content\/uploads\/2024\/01\/arbre-a-chats-chataignier-B-104x150.png 104w\" sizes=\"(max-width: 416px) 100vw, 416px\" \/>\t\t\t\t\t\t\t\t\t\t\t\t\t<\/div>\n\t\t\t\t<\/div>\n\t\t\t\t<\/div>\n\t\t\t\t<div class=\"elementor-element elementor-element-0d439fc elementor-align-center elementor-widget__width-initial elementor-invisible elementor-widget elementor-widget-button\" data-id=\"0d439fc\" data-element_type=\"widget\" data-settings=\"{&quot;_animation&quot;:&quot;fadeIn&quot;,&quot;_animation_delay&quot;:400}\" data-widget_type=\"button.default\">\n\t\t\t\t<div class=\"elementor-widget-container\">\n\t\t\t\t\t<div class=\"elementor-button-wrapper\">\n\t\t\t<a class=\"elementor-button elementor-button-link elementor-size-sm\" href=\"https:\/\/boissovage.com\/index.php\/contact-us\/\">\n\t\t\t\t\t\t<span class=\"elementor-button-content-wrapper\">\n\t\t\t\t\t\t<span class=\"elementor-button-text\">contactez-moi !<\/span>\n\t\t<\/span>\n\t\t\t\t\t<\/a>\n\t\t<\/div>\n\t\t\t\t<\/div>\n\t\t\t\t<\/div>\n\t\t<div class=\"elementor-element elementor-element-f1b320c e-con-full e-flex e-con e-child\" data-id=\"f1b320c\" data-element_type=\"container\">\n\t\t\t\t<div class=\"elementor-element elementor-element-c5a6a1f elementor-widget elementor-widget-text-editor\" data-id=\"c5a6a1f\" data-element_type=\"widget\" data-widget_type=\"text-editor.default\">\n\t\t\t\t<div class=\"elementor-widget-container\">\n\t\t\t\t\t\t\t<h5>En ch\u00eane, ch\u00e2taignier, ou en bois flott\u00e9 je fabrique des arbres \u00e0 chats de toutes tailles et de toutes formes.<\/h5><h5>Relativement encombrants, je pr\u00e9f\u00e8re travailler \u00e0 la <strong>commande :<\/strong> cela permet de valider le choix du bois, la taille et le nombre de plateaux, l&rsquo;envergure et accessoires \u00e9ventuels.<\/h5><h5>Je peux ainsi <strong>r\u00e9aliser un projet parfaitement sur-mesures.<\/strong><\/h5>\t\t\t\t\t\t<\/div>\n\t\t\t\t<\/div>\n\t\t\t\t<\/div>\n\t\t<div class=\"elementor-element elementor-element-eb8224c e-con-full e-flex e-con e-child\" data-id=\"eb8224c\" data-element_type=\"container\">\n\t\t\t\t<div class=\"elementor-element elementor-element-c0b372a elementor-widget elementor-widget-image\" data-id=\"c0b372a\" data-element_type=\"widget\" data-widget_type=\"image.default\">\n\t\t\t\t<div class=\"elementor-widget-container\">\n\t\t\t\t\t\t\t\t\t\t\t\t\t<img decoding=\"async\" width=\"423\" height=\"589\" src=\"https:\/\/boissovage.com\/wp-content\/uploads\/2024\/01\/arbre-a-chats-en-chataignier.png\" class=\"attachment-large size-large wp-image-1093\" alt=\"\" srcset=\"https:\/\/boissovage.com\/wp-content\/uploads\/2024\/01\/arbre-a-chats-en-chataignier.png 423w, https:\/\/boissovage.com\/wp-content\/uploads\/2024\/01\/arbre-a-chats-en-chataignier-215x300.png 215w, https:\/\/boissovage.com\/wp-content\/uploads\/2024\/01\/arbre-a-chats-en-chataignier-108x150.png 108w\" sizes=\"(max-width: 423px) 100vw, 423px\" \/>\t\t\t\t\t\t\t\t\t\t\t\t\t<\/div>\n\t\t\t\t<\/div>\n\t\t\t\t<\/div>\n\t\t<div class=\"elementor-element elementor-element-3026d45 e-con-full e-flex e-con e-child\" data-id=\"3026d45\" data-element_type=\"container\">\n\t\t\t\t<\/div>\n\t\t\t\t\t<\/div>\n\t\t\t\t<\/div>\n\t\t<div class=\"elementor-element elementor-element-4e07fcd e-flex e-con-boxed e-con e-parent\" data-id=\"4e07fcd\" data-element_type=\"container\" data-core-v316-plus=\"true\">\n\t\t\t\t\t<div class=\"e-con-inner\">\n\t\t\t\t<div class=\"elementor-element elementor-element-592db21 elementor-widget-divider--view-line_text elementor-widget-divider--element-align-center elementor-widget elementor-widget-divider\" data-id=\"592db21\" data-element_type=\"widget\" data-widget_type=\"divider.default\">\n\t\t\t\t<div class=\"elementor-widget-container\">\n\t\t\t\t\t<div class=\"elementor-divider\">\n\t\t\t<span class=\"elementor-divider-separator\">\n\t\t\t\t\t\t\t<span class=\"elementor-divider__text elementor-divider__element\">\n\t\t\t\tNouveaux arbres \u00e0 chats\t\t\t\t<\/span>\n\t\t\t\t\t\t<\/span>\n\t\t<\/div>\n\t\t\t\t<\/div>\n\t\t\t\t<\/div>\n\t\t\t\t\t<\/div>\n\t\t\t\t<\/div>\n\t\t<div class=\"elementor-element elementor-element-a48a639 e-flex e-con-boxed e-con e-parent\" data-id=\"a48a639\" data-element_type=\"container\" data-core-v316-plus=\"true\">\n\t\t\t\t\t<div class=\"e-con-inner\">\n\t\t\t\t<div class=\"elementor-element elementor-element-2197759 elementor-grid-eael-col-4 elementor-grid-tablet-eael-col-2 elementor-grid-mobile-eael-col-1 elementor-widget elementor-widget-eael-post-grid\" data-id=\"2197759\" data-element_type=\"widget\" data-settings=\"{&quot;eael_post_grid_columns&quot;:&quot;eael-col-4&quot;,&quot;eael_post_grid_columns_tablet&quot;:&quot;eael-col-2&quot;,&quot;eael_post_grid_columns_mobile&quot;:&quot;eael-col-1&quot;}\" data-widget_type=\"eael-post-grid.default\">\n\t\t\t\t<div class=\"elementor-widget-container\">\n\t\t\t<div id=\"eael-post-grid-2197759\" class=\"eael-post-grid-container\">\n            <div class=\"eael-post-grid eael-post-appender eael-post-appender-2197759 eael-post-grid-style-default\" data-layout-mode=\"masonry\"><article class=\"eael-grid-post eael-post-grid-column\" data-id=\"3808\">\n        <div class=\"eael-grid-post-holder\">\n            <div class=\"eael-grid-post-holder-inner\"><div class=\"eael-entry-media\"><div class=\"eael-entry-overlay fade-in\"><i class=\"fas fa-long-arrow-alt-right\" aria-hidden=\"true\"><\/i><a href=\"https:\/\/boissovage.com\/index.php\/2025\/10\/30\/arbr\/\"><\/a><\/div><div class=\"eael-entry-thumbnail eael-image-ratio\">\n                <img loading=\"lazy\" decoding=\"async\" width=\"334\" height=\"522\" src=\"https:\/\/boissovage.com\/wp-content\/uploads\/2025\/10\/CHBFLSF4.png\" class=\"attachment-medium_large size-medium_large wp-image-3813\" alt=\"arbre \u00e0 chats bois flott\u00e9 bois naturel\" srcset=\"https:\/\/boissovage.com\/wp-content\/uploads\/2025\/10\/CHBFLSF4.png 334w, https:\/\/boissovage.com\/wp-content\/uploads\/2025\/10\/CHBFLSF4-192x300.png 192w, https:\/\/boissovage.com\/wp-content\/uploads\/2025\/10\/CHBFLSF4-96x150.png 96w\" sizes=\"(max-width: 334px) 100vw, 334px\" \/>\n            <\/div>\n        <\/div><div class=\"eael-entry-wrapper\"><header class=\"eael-entry-header\"><h3 class=\"eael-entry-title\"><a\n                        class=\"eael-grid-post-link\"\n                        href=\"https:\/\/boissovage.com\/index.php\/2025\/10\/30\/arbr\/\"\n                        title=\"Arbre \u00e0 chats lig\u00e9rien\">Arbre \u00e0 chats lig\u00e9rien<\/a><\/h3><\/header><div class=\"eael-entry-content\">\n                        <div class=\"eael-grid-post-excerpt\"><a\n                            href=\"https:\/\/boissovage.com\/index.php\/2025\/10\/30\/arbr\/\"\n                            class=\"eael-post-elements-readmore-btn\">Voir<\/a><\/div>\n                    <\/div><\/div><\/div>\n        <\/div>\n    <\/article><article class=\"eael-grid-post eael-post-grid-column\" data-id=\"3474\">\n        <div class=\"eael-grid-post-holder\">\n            <div class=\"eael-grid-post-holder-inner\"><div class=\"eael-entry-media\"><div class=\"eael-entry-overlay fade-in\"><i class=\"fas fa-long-arrow-alt-right\" aria-hidden=\"true\"><\/i><a href=\"https:\/\/boissovage.com\/index.php\/2024\/11\/03\/arbre-a-chats-sahel\/\"><\/a><\/div><div class=\"eael-entry-thumbnail eael-image-ratio\">\n                <img loading=\"lazy\" decoding=\"async\" width=\"407\" height=\"613\" src=\"https:\/\/boissovage.com\/wp-content\/uploads\/2024\/11\/DSC_0017-removebg-preview-6.png\" class=\"attachment-medium_large size-medium_large wp-image-3476\" alt=\"arbre \u00e0 chats naturel branches\" srcset=\"https:\/\/boissovage.com\/wp-content\/uploads\/2024\/11\/DSC_0017-removebg-preview-6.png 407w, https:\/\/boissovage.com\/wp-content\/uploads\/2024\/11\/DSC_0017-removebg-preview-6-199x300.png 199w, https:\/\/boissovage.com\/wp-content\/uploads\/2024\/11\/DSC_0017-removebg-preview-6-100x150.png 100w\" sizes=\"(max-width: 407px) 100vw, 407px\" \/>\n            <\/div>\n        <\/div><div class=\"eael-entry-wrapper\"><header class=\"eael-entry-header\"><h3 class=\"eael-entry-title\"><a\n                        class=\"eael-grid-post-link\"\n                        href=\"https:\/\/boissovage.com\/index.php\/2024\/11\/03\/arbre-a-chats-sahel\/\"\n                        title=\"Arbre \u00e0 chats \u00ab\u00a0Sahel\u00a0\u00bb\">Arbre \u00e0 chats \u00ab\u00a0Sahel\u00a0\u00bb<\/a><\/h3><\/header><div class=\"eael-entry-content\">\n                        <div class=\"eael-grid-post-excerpt\"><a\n                            href=\"https:\/\/boissovage.com\/index.php\/2024\/11\/03\/arbre-a-chats-sahel\/\"\n                            class=\"eael-post-elements-readmore-btn\">Voir<\/a><\/div>\n                    <\/div><\/div><\/div>\n        <\/div>\n    <\/article><\/div>\n            <div class=\"clearfix\"><\/div>\n        <\/div>\t\t<\/div>\n\t\t\t\t<\/div>\n\t\t\t\t\t<\/div>\n\t\t\t\t<\/div>\n\t\t\t\t<\/div>\n\t\t","protected":false},"excerpt":{"rendered":"<p>Arbres \u00e0 Chats Les chats aiment prendre de la hauteur&#8230; et seraient bien contents\u00a0 d&rsquo;avoir un vrai bout d&rsquo;arbre \u00e0 la maison pour se reposer ! Bien loin des arbres \u00e0 chats synth\u00e9tiques du commerce, je propose la r\u00e9alisation d&rsquo;arbres \u00e0 chats qui participeront aussi (et non pas desserviront) \u00e0 votre d\u00e9coration int\u00e9rieure en apportant [&hellip;]<\/p>\n","protected":false},"author":1,"featured_media":3478,"parent":108,"menu_order":1,"comment_status":"closed","ping_status":"closed","template":"","meta":{"_eb_attr":"","om_disable_all_campaigns":false,"_monsterinsights_skip_tracking":false,"_monsterinsights_sitenote_active":false,"_monsterinsights_sitenote_note":"","_monsterinsights_sitenote_category":0,"_uf_show_specific_survey":0,"_uf_disable_surveys":false,"footnotes":""},"aioseo_notices":[],"_links":{"self":[{"href":"https:\/\/boissovage.com\/index.php\/wp-json\/wp\/v2\/pages\/1087"}],"collection":[{"href":"https:\/\/boissovage.com\/index.php\/wp-json\/wp\/v2\/pages"}],"about":[{"href":"https:\/\/boissovage.com\/index.php\/wp-json\/wp\/v2\/types\/page"}],"author":[{"embeddable":true,"href":"https:\/\/boissovage.com\/index.php\/wp-json\/wp\/v2\/users\/1"}],"replies":[{"embeddable":true,"href":"https:\/\/boissovage.com\/index.php\/wp-json\/wp\/v2\/comments?post=1087"}],"version-history":[{"count":65,"href":"https:\/\/boissovage.com\/index.php\/wp-json\/wp\/v2\/pages\/1087\/revisions"}],"predecessor-version":[{"id":3663,"href":"https:\/\/boissovage.com\/index.php\/wp-json\/wp\/v2\/pages\/1087\/revisions\/3663"}],"up":[{"embeddable":true,"href":"https:\/\/boissovage.com\/index.php\/wp-json\/wp\/v2\/pages\/108"}],"wp:featuredmedia":[{"embeddable":true,"href":"https:\/\/boissovage.com\/index.php\/wp-json\/wp\/v2\/media\/3478"}],"wp:attachment":[{"href":"https:\/\/boissovage.com\/index.php\/wp-json\/wp\/v2\/media?parent=1087"}],"curies":[{"name":"wp","href":"https:\/\/api.w.org\/{rel}","templated":true}]}}